base 8.
-1
1 (base 2) to base 7
1
Convert -11200 (base 3) to base 16.
-7e
1 (base 4) to base 8
1
What is 1 (base 13) in base 12?
1
What is -10212 (base 3) in base 13?
-80
What is -50 (base 12) in base 7?
-114
Convert 0 (base 11) to base 4.
0
3 (base 16) to base 4
3
What is -275 (base 8) in base 6?
-513
What is 0 (base 4) in base 10?
0
Convert -3 (base 7) to base 4.
-3
What is 5 (base 10) in base 8?
5
What is 3 (base 16) in base 14?
3
8 (base 9) to base 16
8
Convert 6 (base 15) to base 5.
11
Convert -3 (base 15) to base 13.
-3
b3 (base 13) to base 10
146
-1 (base 10) to base 8
-1
Convert 81 (base 14) to base 4.
1301
What is -40 (base 6) in base 8?
-30
Convert -22 (base 5) to base 12.
-10
What is -3 (base 10) in base 15?
-3
2 (base 11) to base 7
2
What is -2 (base 4) in base 11?
-2
What is -17 (base 12) in base 2?
-10011
-208 (base 9) to base 4
-2222
What is -5 (base 15) in base 5?
-10
8 (base 13) to base 8
10
What is 9 (base 15) in base 2?
1001
Convert -10032 (base 4) to base 3.
-101000
What is 122 (base 5) in base 14?
29
What is 4 (base 11) in base 15?
4
Convert -111 (base 15) to base 7.
-463
Convert 111 (base 3) to base 10.
13
What is -11 (base 2) in base 9?
-3
What is 8 (base 14) in base 8?
10
Convert 1 (base 9) to base 2.
1
Convert -6 (base 8) to base 13.
-6
1 (base 15) to base 3
1
-3 (base 11) to base 16
-3
20 (base 12) to base 4
120
Convert 38 (base 12) to base 11.
40
What is -6 (base 9) in base 10?
-6
Convert -7 (base 14) to base 2.
-111
Convert 5 (base 8) to base 14.
5
What is 103 (base 10) in base 2?
1100111
What is b (base 12) in base 15?
b
What is -1 (base 16) in base 2?
-1
What is -101111 (base 2) in base 9?
-52
102 (base 4) to base 16
12
What is -1 (base 15) in base 2?
-1
-13 (base 6) to base 8
-11
27 (base 11) to base 2
11101
Convert -5c (base 16) to base 15.
-62
Convert -55 (base 11) to base 9.
-66
10 (base 6) to base 3
20
What is -111 (base 2) in base 9?
-7
Convert -10 (base 3) to base 10.
-3
What is -1030 (base 4) in base 3?
-2211
2 (base 12) to base 3
2
22202 (base 3) to base 9
282
Convert 7 (base 8) to base 11.
7
What is -11 (base 3) in base 2?
-100
Convert 1000100 (base 2) to base 11.
62
103 (base 5) to base 15
1d
9 (base 11) to base 8
11
What is -205 (base 12) in base 4?
-10211
Convert 2 (base 14) to base 10.
2
2 (base 9) to base 12
2
Convert -303 (base 4) to base 9.
-56
11 (base 5) to base 2
110
-30 (base 4) to base 8
-14
Convert 2 (base 11) to base 7.
2
What is -1003 (base 4) in base 13?
-52
Convert -20 (base 11) to base 4.
-112
Convert -21 (base 13) to base 11.
-25
What is 0 (base 12) in base 8?
0
-120 (base 6) to base 4
-300
What is 95 (base 15) in base 7?
260
Convert -204 (base 5) to base 14.
-3c
What is -2 (base 7) in base 13?
-2
What is -12 (base 3) in base 12?
-5
201 (base 5) to base 16
33
Convert -132 (base 4) to base 5.
-110
Convert -43 (base 5) to base 9.
-25
311 (base 8) to base 7
405
-48 (base 14) to base 11
-59
Convert 0 (base 14) to base 16.
0
-1 (base 12) to base 11
-1
Convert -6 (base 7) to base 14.
-6
Convert 20001 (base 3) to base 13.
c7
-9 (base 16) to base 7
-12
What is a5 (base 12) in base 5?
1000
68 (base 15) to base 14
70
5 (base 16) to base 6
5
What is -9 (base 13) in base 5?
-14
-377 (base 8) to base 11
-212
What is -38 (base 14) in base 2?
-110010
1 (base 8) to base 16
1
1 (base 15) to base 6
1
What is 100000 (base 2) in base 8?
40
What is -3 (base 12) in base 10?
-3
Convert -3 (base 9) to base 11.
-3
What is -14 (base 15) in base 6?
-31
Convert -3 (base 14) to base 16.
-3
-22 (base 7) to base 11
-15
What is -173 (base 8) in base 5?
-443
What is -88 (base 10) in base 6?
-224
Convert 38 (base 14) to base 10.
50
What is 6 (base 11) in base 14?
6
What is 1034 (base 5) in base 6?
400
What is 11 (base 8) in base 7?
12
What is 13 (base 12) in base 2?
1111
What is -1a (base 15) in base 10?
-25
-10 (base 6) to base 5
-11
Convert 14 (base 11) to base 15.
10
Convert -1a (base 14) to base 10.
-24
What is 3c (base 13) in base 7?
102
What is -5 (base 11) in base 16?
-5
What is 6 (base 12) in base 15?
6
What is 11 (base 4) in base 8?
5
-42 (base 10) to base 9
-46
-1 (base 10) to base 4
-1
What is -102 (base 4) in base 3?
-200
What is -4 (base 12) in base 7?
-4
Convert 2 (base 15) to base 10.
2
0 (base 11) to base 4
0
-11 (base 16) to base 2
-10001
What is -2 (base 12) in base 2?
-10
1 (base 6) to base 15
1
What is -26 (base 8) in base 7?
-31
Convert 5 (base 10) to base 4.
11
Convert 128 (base 13) to base 2.
11001011
133 (base 5) to base 8
53
Convert -39 (base 13) to base 9.
-53
Convert 5 (base 7) to base 14.
5
Convert 24 (base 15) to base 2.
100010
38 (base 9) to base 10
35
Convert 2 (base 13) to base 14.
2
What is 12 (base 6) in base 7?
11
-1 (base 14) to base 7
-1
Convert 100 (base 3) to base 16.
9
What is -2 (base 12) in base 11?
-2
What is 22 (base 4) in base 8?
12
What is -24 (base 6) in base 16?
-10
-4 (base 16) to base 13
-4
-103 (base 5) to base 9
-31
What is -100 (base 2) in base 4?
-10
What is 2 (base 6) in base 9?
2
What is 2b (base 15) in base 5?
131
What is -100010111 (base 2) in base 9?
-340
What is -168 (base 10) in base 15?
-b3
What is 20 (base 5) in base 12?
a
Convert -3 (base 14) to base 3.
-10
-5 (base 14) to base 11
-5
10 (base 3) to base 2
11
-4 (base 15) to base 14
-4
-112 (base 4) to base 7
-31
111 (base 2) to base 13
7
-1012 (base 3) to base 12
-28
Convert -114 (base 14) to base 9.
-257
Convert 7 (base 14) to base 15.
7
What is 1 (base 8) in base 6?
1
0 (base 6) to base 13
0
What is -102 (base 6) in base 12?
-32
30 (base 10) to base 12
26
-a (base 14) to base 4
-22
-8 (base 11) to base 14
-8
2 (base 7) to base 4
2
Convert -1 (base 16) to base 13.
-1
Convert -1 (base 16) to base 4.
-1
144 (base 6) to base 13
4c
What is -12 (base 4) in base 8?
-6
Convert -22 (base 3) to base 14.
-8
Convert 19 (base 16) to base 7.
34
What is -12 (base 8) in base 5?
-20
1011 (base 2) to base 16
b
11 (base 16) to base 10
17
15 (base 14) to base 4
103
9 (base 11) to base 14
9
What is 46 (base 8) in base 11?
35
Convert 3 (base 14) to base 10.
3
Convert -104 (base 5) to base 7.
-41
-50 (base 9) to base 13
-36
Convert 11 (base 5) to base 16.
6
What is 0 (base 13) in base 9?
0
What is -11 (base 8) in base 16?
-9
What is -1 (base 12) in base 7?
-1
1000 (base 4) to base 12
54
What is 4 (base 14) in base 4?
10
-126 (base 11) to base 6
-405
What is -10110 (base 2) in base 8?
-26
4 (base 13) to base 12
4
Convert 3a (base 12) to base 15.
31
22 (base 6) to base 7
20
What is -82 (base 9) in base 6?
-202
-2 (base 4) to base 2
-10
What is d (base 16) in base 5?
23
Convert -32 (base 7) to base 3.
-212
What is 4 (base 12) in base 8?
4
What is -8 (base 15) in base 11?
-8
Convert 72 (base 8) to base 16.
3a
Convert 112 (base 6) to base 12.
38
-23 (base 4) to base 14
-b
Convert 2303 (base 4) to base 6.
455
What is 1 (base 10) in base 2?
1
11 (base 6) to base 10
7
Convert 36 (base 7) to base 6.
43
-5 (base 14) to base 13
-5
Convert -1001 (base 2) to base 11.
-9
Convert 1111 (base 2) to base 8.
17
What is -67 (base 10) in base 15?
-47
Convert 27 (base 8) to base 4.
113
Convert 2221 (base 4) to base 6.
441
Convert 0 (base 2) to base 7.
0
Convert 0 (base 10) to base 3.
0
Convert -434 (base 5) to base 13.
-92
Convert -42 (base 11) to base 13.
-37
Convert 42 (base 7) to base 16.
1e
What is -1 (base 6) in base 12?
-1
3 (base 9) to base 10
3
-b (base 14) to base 8
-13
What is 1 (base 9) in base 6?
1
What is 2 (base 11) in base 8?
2
Convert 3 (base 16) to base 5.
3
Convert 38 (base 14) to base 9.
55
What is 18 (base 9) in base 12?
15
48 (base 15) to base 8
104
3 (base 14) to base 5
3
Convert 63 (base 14) to base 9.
106
What is -7 (base 16) in base 3?
-21
Convert 7 (base 8) to base 11.
7
10100 (base 2) to base 12
18
Convert -11000 (base 3) to base 12.
-90
Convert 1 (base 3) to base 12.
1
What is -4 (base 7) in base 15?
-4
Convert 0 (base 14) to base 13.
0
-3b (base 15) to base 10
-56
Convert -5a (base 14) to base 12.
-68
Convert -32 (base 4) to base 11.
-13
What is 6 (base 10) in base 4?
12
12 (base 3) to base 9
5
-114 (base 8) to base 5
-301
Convert 3 (base 5) to base 13.
3
Convert -d (base 14) to base 16.
-d
Convert 7 (base 11) to base 10.
7
Convert -17 (base 13) to base 11.
-19
What is -79 (base 12) in base 16?
-5d
What is 19 (base